f 1093031112 and 12?
12
Calculate the highest common factor of 1060306 and 8346.
26
Calculate the highest common factor of 2584 and 554344.
152
What is the greatest common factor of 37647 and 3619188?
423
What is the highest common divisor of 2828 and 25508?
28
Calculate the greatest common divisor of 4118 and 9301.
71
What is the greatest common factor of 299482 and 21492752?
2186
Calculate the highest common divisor of 6188 and 77804104.
476
Calculate the highest common factor of 960 and 264380.
20
What is the highest common divisor of 7480 and 1343170?
170
Calculate the highest common divisor of 35611463 and 317.
317
Calculate the greatest common divisor of 52360 and 1505.
35
What is the highest common factor of 18161924 and 2156?
44
What is the greatest common factor of 15 and 1074784595?
5
Calculate the highest common divisor of 10997 and 143754355.
1571
Calculate the greatest common divisor of 70 and 1981336.
14
Calculate the greatest common factor of 1582056 and 4032.
504
What is the greatest common factor of 263897235 and 1290?
645
Calculate the greatest common factor of 23791 and 27856689.
643
What is the greatest common divisor of 8120 and 3538696?
1624
Calculate the highest common factor of 27 and 20846376.
27
What is the greatest common divisor of 2926 and 647614?
22
What is the highest common factor of 19769155 and 490?
35
What is the greatest common factor of 13633850 and 170?
10
What is the highest common factor of 140 and 1748922?
14
Calculate the highest common divisor of 19344 and 2702544.
624
Calculate the highest common factor of 26320 and 5925290.
3290
What is the highest common divisor of 51603 and 677352?
501
What is the highest common divisor of 1596 and 102973122?
798
Calculate the highest common divisor of 1252815146 and 11.
11
What is the greatest common divisor of 5826915 and 7285?
155
Calculate the highest common divisor of 126 and 12194994.
42
Calculate the greatest common divisor of 19823 and 1509601.
43
What is the highest common divisor of 224208 and 48786?
1038
Calculate the greatest common factor of 3402 and 3459348.
486
Calculate the greatest common factor of 171352522 and 2486.
2486
What is the greatest common divisor of 3 and 207792021?
3
Calculate the highest common divisor of 2460 and 69618.
246
Calculate the greatest common factor of 41200 and 392.
8
What is the greatest common factor of 21381620 and 65?
65
Calculate the greatest common factor of 2523 and 370066071.
2523
Calculate the greatest common factor of 11537 and 557807.
139
Calculate the greatest common factor of 313788338 and 4.
2
Calculate the greatest common divisor of 8151 and 320775.
39
Calculate the greatest common divisor of 4893700 and 580253.
6991
What is the highest common factor of 89498 and 7738?
146
Calculate the greatest common divisor of 1598 and 1585917522.
1598
Calculate the greatest common factor of 360 and 8885880.
360
What is the highest common divisor of 386524 and 269658?
142
Calculate the highest common factor of 4863 and 73680934.
1621
What is the highest common divisor of 22320532 and 8710?
26
What is the greatest common factor of 781 and 20471359?
71
Calculate the highest common factor of 4220614 and 43247.
733
What is the highest common factor of 895921 and 39?
13
What is the greatest common factor of 264 and 190446366?
66
What is the greatest common factor of 151977042 and 252?
126
Calculate the highest common divisor of 424528425 and 655.
655
Calculate the greatest common divisor of 1141191 and 6705.
1341
What is the greatest common factor of 8082 and 20124?
18
Calculate the highest common divisor of 1360 and 4052800.
1360
What is the highest common factor of 2430659 and 7007?
77
Calculate the highest common divisor of 23153 and 2148497.
169
Calculate the highest common factor of 6593224 and 4664.
88
Calculate the greatest common factor of 35324593 and 837.
31
What is the highest common divisor of 1024 and 314603264?
256
Calculate the greatest common factor of 7381503 and 26784.
837
What is the greatest common divisor of 1628 and 3421834?
74
Calculate the highest common divisor of 1142741 and 1893.
631
What is the highest common divisor of 120 and 177831912?
24
Calculate the greatest common factor of 78 and 46519608.
6
What is the highest common divisor of 4109280 and 1920?
480
Calculate the greatest common divisor of 750532752 and 168.
24
Calculate the highest common factor of 863827 and 602.
43
Calculate the greatest common factor of 72 and 2374587.
9
What is the highest common factor of 33252 and 1277436?
12
What is the greatest common factor of 740 and 358960?
20
What is the greatest common factor of 516 and 61297403?
43
What is the highest common factor of 28550 and 357550?
50
Calculate the highest common divisor of 18343 and 10037157.
221
Calculate the greatest common factor of 19528224 and 672.
96
What is the greatest common divisor of 345752 and 2794?
22
What is the highest common factor of 14364 and 1417728?
12
What is the greatest common factor of 21120 and 116380?
220
Calculate the highest common factor of 1146680 and 130.
10
Calculate the highest common divisor of 150 and 321144.
6
What is the highest common divisor of 2952 and 35389642?
82
Calculate the highest common divisor of 160 and 22701216.
32
What is the greatest common factor of 219 and 743156863?
73
What is the greatest common divisor of 238 and 578506838?
238
What is the greatest common divisor of 76225975 and 35?
35
What is the greatest common divisor of 268405615 and 1910?
955
What is the highest common factor of 113730 and 19103295?
3345
Calculate the highest common factor of 414 and 6673014.
18
Calculate the greatest common divisor of 8915548 and 12308.
68
What is the highest common factor of 557783 and 95647?
947
What is the greatest common divisor of 535864 and 91336?
392
What is the highest common factor of 19209 and 2834844?
1011
Calculate the highest common divisor of 203 and 26001255.
203
What is the greatest common factor of 17264622 and 306?
102
What is the greatest common divisor of 64 and 22787448?
8
Calculate the highest common factor of 47985256 and 4488.
88
Calculate the greatest common factor of 1863513 and 189.
27
What is the greatest common factor of 129144252 and 18?
6
Calculate the highest common divisor of 2961 and 1007307.
63
Calculate the highest common factor of 648 and 17640180.
324
Calculate the highest common divisor of 4781054 and 412.
206
What is the greatest common factor of 420 and 4664860?
20
What is the greatest common factor of 342586326 and 2238?
2238
What is the highest common divisor of 869 and 9754841?
79
What is the highest common divisor of 10496 and 8702004?
164
Calculate the highest common divisor of 795597 and 2068.
11
Calculate the highest common factor of 363575700 and 369.
369
What is the highest common factor of 119 and 29209655?
17
Calculate the highest common divisor of 1656485 and 55.
5
What is the highest common divisor of 847300 and 12824?
916
What is the greatest common divisor of 50216 and 79528?
8
Calculate the highest common divisor of 537189574 and 458.
458
Calculate the highest common divisor of 1240 and 2657290.
10
What is the highest common factor of 44580 and 62250?
30
What is the highest common divisor of 22869 and 231714?
189
What is the greatest common factor of 25104429 and 1494?
747
Calculate the highest common factor of 180395 and 55045.
545
Calculate the highest common divisor of 774944 and 81740.
244
What is the highest common divisor of 2394432 and 768?
192
What is the greatest common factor of 3004 and 11280771?
751
Calculate the greatest common divisor of 52974 and 4147014.
654
What is the greatest common factor of 213403 and 9617?
59
What is the highest common factor of 25332 and 304704?
12
What is the greatest common factor of 9959014 and 5226?
1742
Calculate the greatest common factor of 60 and 121848.
12
Calculate the highest common divisor of 9860025 and 11025.
3675
What is the highest common factor of 85 and 9766109?
17
Calculate the highest common factor of 1335 and 46960405.
445
Calculate the greatest common factor of 717930 and 135.
135
Calculate the greatest common factor of 564 and 1600726.
94
Calculate the greatest common factor of 13 and 5727020.
13
Calc